 333*d**2 + 8*d + 6. What is the tens digit of l(u)?
3
Let v(h) = -485*h - 20. Let u be v(-1). Let s = u - 123. What is the hundreds digit of s?
3
Suppose 8*d + 435419 = -8*d + 1516411. What is the hundreds digit of d?
5
Suppose 48*p = 97*p - 497448 - 764890. What is the thousands digit of p?
5
Let k = 110 + -109. Let m be (-4)/20*0*k. Suppose 0 = -5*h + i + 41, m = -5*h + 2*i - 0*i + 37. What is the units digit of h?
9
Suppose 5*f + 3394 = 3*l, -3*l + f = -1952 - 1422. Let r = -48 + l. What is the tens digit of r?
7
Let x(n) = -18*n - 6 + 7 - 8. Let k(q) = q - 1. Let w(l) = -k(l) - x(l). What is the tens digit of w(4)?
7
Suppose -4*k + 50*i + 53037 = 53*i, k - 13259 = -i. What is the thousands digit of k?
3
Suppose 2*f = -20*f + 16280. Let b = -317 + f. What is the tens digit of b?
2
Let d(i) be the first derivative of -i**3/3 - 3*i**2 + 43. Let j be d(-7). What is the units digit of (-1344)/(-20) + j - 2/10?
0
Suppose 3*o + 82 = h, -4*o = -3*o - 4. Let c = h + -98. What is the hundreds digit of -4*(-4 + 226/c)?
2
Suppose -7*w - 145 + 117 = 0. What is the units digit of (3987/(-12))/((-76)/16 - w)?
3
Let q(h) = h**2 - 5*h + 3. Let i be q(5). Let f be 4*i/6 + (-14 - 0). What is the units digit of 2*28 - 3/f*-4?
5
Let f(i) = 8*i**2 + 15*i + 440. What is the units digit of f(-14)?
8
Let i be 36/(-24)*(-1910)/3. Let a = -316 + i. What is the tens digit of a?
3
Let o(x) = 7*x**2 + 16*x - 90. Let t be o(25). Suppose 9*p - 4*p = t. What is the tens digit of p?
3
Let h(i) = 1976*i**2 + 380*i - 7. What is the hundreds digit of h(5)?
2
Suppose 27*p - 170711 - 102337 = -35*p. What is the tens digit of p?
0
Let m(l) = -l**3 + 12*l**2 - 2*l - 6. Let v be m(11). Let r = 95 - v. Suppose -7*a - 56 = -k - 2*a, -2*a + 136 = r*k. What is the tens digit of k?
6
Let m = -4124 + 9503. What is the units digit of m?
9
Suppose 57*l - 52*l = 2*d + 575, -2*d - l = 605. Let p = d - -632. What is the hundreds digit of p?
3
What is the thousands digit of (-2 - 21511/21)*(-9 - -1 - 1)?
9
Let z be -3*(-4)/24*-102. Let y = z + 140. What is the units digit of (30/15)/(2/y)?
9
Let d = -37 + 41. Let i = 0 - -3. Suppose 2*f - 4*v + v - 129 = 0, i*f - 195 = d*v. What is the units digit of f?
9
Suppose -2*s = -7*s, 0 = -2*m - 4*s + 1318. What is the hundreds digit of m?
6
Suppose -16*n - 35603 = -208291. What is the thousands digit of n?
0
Let y = -5309 - -7703. Suppose 4*m = 4*d + 3036, -2*d - 896 = 2*m - y. What is the units digit of m?
4
Let v = -16180 + 16693. What is the hundreds digit of v?
5
Let m(c) be the third derivative of -c**4/24 + 10*c**3/3 + 2*c**2 + 54. What is the units digit of m(-5)?
5
Suppose -a - 99 = -119. Suppose 440 = 2*j + 5*g, -a = g + 4*g. What is the tens digit of j?
3
Let c(u) = 2*u**2 + 8*u + 14. Let v be c(-12). Let t = 567 - v. What is the hundreds digit of t?
3
What is the units digit of 1 - 4 - (-14)/(224/757200)?
2
Suppose 15*l = 113*l - 2910998 - 1298004. What is the hundreds digit of l?
9
Let o = 1375 + 117. What is the thousands digit of o?
1
Let s be 374/17*3/3. Suppose -s*d + 164 = 10. What is the units digit of d?
7
What is the hundreds digit of 4 + 23 + -27 - (1 - 4970)?
9
Let s(z) be the first derivative of -z**4/4 + 22*z**3/3 - 5*z**2 - 15*z - 40. What is the units digit of s(21)?
6
Let h be ((-16)/((-80)/(-15)))/((-1)/(-15)). What is the tens digit of h/90 + (-1281)/(-2)?
4
Let g(m) = m**3 - 9*m**2 - 10*m + 13. Suppose -5*t + 18 = -32. What is the units digit of g(t)?
3
Suppose 3*m - 69023 = -m + 216825. What is the tens digit of m?
6
Suppose 0 = 2*h - x - 3*x + 36, -h - 4*x = 0. Let g(o) = -13*o - 6. Let c be g(3). What is the units digit of h*(-4 - c/12)?
3
Let w(u) = -2*u**2 + 13*u + 39. Let f(g) = 3*g**2 - 20*g - 59. Let j(s) = 5*f(s) + 8*w(s). Let c be j(7). What is the tens digit of -5 + 8 - c*6?
2
Let o(i) = 629*i - 38. Let a(d) = -1256*d + 75. Let u(b) = -6*a(b) - 13*o(b). What is the thousands digit of u(-2)?
1
What is the tens digit of 3 + 150/(-40) - 23967/(-4)?
9
Let i(l) = l**3 - 2*l**2. Let y = -9 - -11. Let x be i(y). Suppose x = -15*c + c + 1736. What is the tens digit of c?
2
Suppose -82*d = -32*d - 442250. What is the hundreds digit of d?
8
Suppose -35*q - 5*q + 179003 = -1346637. What is the tens digit of q?
4
Let k = 16920 - 8846. What is the thousands digit of k?
8
Let n = -130 - -70. Let j = n - -62. What is the tens digit of (-2 - 30)/(j + -4)?
1
Let l be 0/(8/(-6 - -14)). Suppose 2*w - 1918 = -n - n, 2*w + 3*n - 1915 = l. What is the tens digit of w?
6
Suppose -31*g = -39*g + 30400. Suppose 1954 = 21*t - g. What is the tens digit of t?
7
Let v = 58 - 53. Suppose 1384 + 503 = 3*b - v*k, 2*k = 0. Suppose -b = -4*q + 143. What is the units digit of q?
3
Let x be 89 + -2*1 + 204/34. Suppose 13 = -x*l + 94*l. What is the tens digit of l?
1
Let z = 12 + -12. Suppose -5*x = -z*x - 625. Let u = x - 43. What is the tens digit of u?
8
Let g = 165 + -155. What is the tens digit of (-268)/g*(-175)/70?
6
Suppose 0 = -433*x + 436*x - 12360. What is the thousands digit of x?
4
What is the tens digit of 3/((-3)/(-3997)) - ((0 - 0) + -4)?
0
Suppose 20479 = 4*q + 3*x, 101*q - 2*x + 25597 = 106*q. What is the thousands digit of q?
5
Let g = 11003 + 2524. What is the tens digit of g?
2
Let o(j) be the second derivative of j**5/12 + j**4/6 - 4*j**3/3 + 27*j**2/2 - 3*j. Let c(r) be the first derivative of o(r). What is the tens digit of c(-5)?
9
Suppose 0*t + 2*q = -2*t + 112, -220 = -4*t - 2*q. Let f = -52 + t. What is the tens digit of (405/2)/5 + 1/f?
4
Let u be (-55)/(5 - 284/56). Suppose 85*q = 87*q - u. Suppose 0 = 3*k + 88 - q. What is the tens digit of k?
9
Let p(s) be the first derivative of s**4/4 + 8*s**3/3 - 6*s**2 - 12*s - 27. Let h be p(-9). Suppose -668 = h*x - 19*x. What is the tens digit of x?
6
Let s be (1 + -11)*-23*(-12)/(-5). Suppose -10*f = -8*f - s. What is the tens digit of f?
7
Let q = -11138 + 21514. What is the ten thousands digit of q?
1
Let n = 2923 - 2743. What is the tens digit of n?
8
Let l = -89 - -93. Suppose 42 = 3*h - z, -z = 2*h - l*z - 35. Let g(v) = 2*v**2 - 15*v + 40. What is the units digit of g(h)?
3
Let g(y) be the first derivative of -y**6/120 + y**5/30 + 33*y**3 + 9*y**2/2 + 13. Let c(j) be the second derivative of g(j). What is the units digit of c(0)?
8
Suppose -k + 74 = 4*c - 6*c, k - 5*c - 77 = 0. Suppose -5*j + k = -4*t + 5*t, -t = -5*j - 102. What is the units digit of t?
7
Let f = -133 + 140. Suppose -155 = -f*n - 15. Suppose 0 = 26*q - n*q - 1842. What is the hundreds digit of q?
3
Let u be -2*(-10)/(-3)*(-138)/2. Suppose -5*z = -15, -3*y = z - u - 149. Let k = 347 - y. What is the units digit of k?
5
Let o be 48/20 - (-5)/(125/(-10)). Let t(g) = 2 + 6*g - 10*g + 4*g + 62*g**o. What is the hundreds digit of t(2)?
2
Suppose y + 41 - 40 = 0. Let k(m) = -1407*m - 43. What is the tens digit of k(y)?
6
What is the hundreds digit of 20 + -17 + (-3 - 8033*-1)?
0
Let z = 5669 - 170. What is the tens digit of z?
9
Let a(l) = 718*l - 32. Let j be a(2). Let p = -764 + j. What is the units digit of p?
0
Let a(l) = -182*l - 372. What is the hundreds digit of a(-39)?
7
What is the units digit of 11*(-12)/(-792)*39210?
5
Let l = 589 - 378. What is the hundreds digit of l/(-2 + 35/14)?
4
Let g(y) = y**3 + 12*y**2 + 15*y + 14. Let a be g(-11). Let f(h) = h - 1. Let w(s) = 42*s - 30. Let q(v) = a*f(v) + w(v). What is the tens digit of q(6)?
7
Let s(x) = 194*x**2 - 279*x - 9. What is the thousands digit of s(6)?
5
Let g(n) = 10*n**2 - 26*n - 17. Let h(s) = 9*s - 38. Let p be h(5). What is the tens digit of g(p)?
9
Let x be 83/5 + 26/65. Let s(b) = -27 - b**2 - 11 + x*b + 10*b. What is the tens digit of s(24)?
3
Suppose -2*d + 52 - 38 = 0. What is the tens digit of 23*d*(-4)/(-14)?
4
Let f be (2 - -1)/(21/35) - 3. Suppose 439 = 2*y + 3*p - 0*p, 0 = -f*y - 4*p + 440. Let d = y - 107. What is the tens digit of d?
1
Let y(t) = -t + 1. Let o be y(-3). Suppose 4*b - x - 131 = 2*b, -4*x = o*b - 292. What is the tens digit of b?
6
Let s(g) = -2*g**3 - 2*g - 2. Let u = 54 - 55. Let r be s(u). Suppose r*j = 9*j - 735. What is the tens digit of j?
0
Let u(x) = -3*x**2 + 4*x - 2. Let o be u(4). Let s = -37 - o. What is the tens digit of s + (0 - -3) + 75?
7
Suppose 0 = 2*m + 18 - 6. Suppose 123 = 5*k - 222. 